Calculate n(z).
11
Suppose 5*z - 80 = -110. Let c be z/(-9) + 14/105*-5. Let h(f) = -f**2 - 2. Calculate h(c).
-2
Suppose 485*g - 2 = 487*g. Let x(d) = -52*d**3 + d**2 - 1. What is x(g)?
52
Let s = 3615 - 3610. Let b(y) be the second derivative of -8*y - 1/20*y**s - 1/12*y**4 + 0*y**2 + 0 + 0*y**3. Calculate b(2).
-12
Let n(p) = -7*p**2 - 9*p + 7. Let j(k) = k**2 + k - 1. Let w(f) = 6*j(f) + n(f). Let r be (-2)/(-3) - ((-39)/9 + 8). Give w(r).
1
Suppose 27*d - 1309 + 13 = 0. Let r = 2 + 0. Let k(f) = -51 + 6*f + d - f**r - 2*f. Determine k(6).
-15
Let c(t) = -5*t**3 - 11*t**2 + 42*t + 46. Let v(k) = 19*k**3 + 45*k**2 - 166*k - 181. Let u(q) = -23*c(q) - 6*v(q). Calculate u(15).
28
Let l(h) = 49*h**3 + 79*h**2 + 17*h - 182. Let p(g) = -13*g**3 - 20*g**2 - 4*g + 48. Let w(k) = -4*l(k) - 15*p(k). Determine w(-16).
136
Let y be (-2)/8 + 18/8. Let c(l) = -l**2 + 15*l - 53. Let f be c(7). Let x(m) = -5*m - 9*m + 11*m + f. Determine x(y).
-3
Let g(f) be the third derivative of -2/15*f**5 - 1/120*f**6 + 0*f + 0 + 1/24*f**4 + 2*f**2 + 2/3*f**3. Let n(l) = 469*l - 3760. Let j be n(8). Determine g(j).
-4
Let f(i) = -i**2 - 7*i - 23. Suppose 0 = 9331*a - 9339*a - 48. What is f(a)?
-17
Let b(t) be the second derivative of 2*t**3/3 - 10*t**2 + 185*t - 1. Calculate b(-3).
-32
Let j(v) = 11 - 251*v**3 - 2*v**2 + 82*v**3 + 82*v**3 + 86*v**3 - 15*v**2. Give j(-17).
11
Let j = -617 - -623. Let z(r) be the first derivative of r**5/60 - r**4/3 + 3*r**3/2 - r**2/2 + 1. Let o(x) be the second derivative of z(x). What is o(j)?
-3
Suppose 2058 = 116*i - 67*i. Let j(m) = 2*m - 94. Give j(i).
-10
Let y(q) = 20*q**3 + q**2 - 3*q + 3. Let s be y(1). Suppose s = 2*n + 41. Let d be 12/20 + 1 + (-34)/n. Let x(b) = -2*b + 5. Determine x(d).
-5
Let b(h) = -6*h + 48. Suppose -14*q = 4*y - 16*q - 84, -4*q = 5*y - 66. What is b(y)?
-60
Let l(n) be the second derivative of -n**7/2520 - n**5/120 + n**4/2 - 3*n**2 + 5*n - 13. Let f(v) be the third derivative of l(v). Calculate f(3).
-10
Let n be -28 + 63 + -5 - 31. Let i(x) = -x - x**3 + 3 + 2*x**2 + 3*x - 1 - x**2. What is i(n)?
2
Let t(a) = -8*a**3 - 19 + 35*a**2 - a**2 - 14*a**2 + 35*a + 9*a**3. What is t(-18)?
-1
Let z = 5218 - 5213. Let k(w) = -12*w + 68. Determine k(z).
8
Let v = 142 + -145. Let a(c) = -4*c**2 + c + 5. Let d(r) = -9*r**2 + 9. Let q(z) = v*d(z) + 7*a(z). Determine q(6).
14
Let r(x) = -x**3 + 5*x**2 - 3*x - 1. Let p be (126 + 14)*(-3 + (1 - 2)). Let c = -557 - p. Calculate r(c).
8
Let p(f) = f**3 - 10*f**2 + 8*f + 9. Let u be p(9). Let g(c) = u*c - 3 + 1524*c**2 + 4 - c - 1522*c**2. Calculate g(-3).
22
Let v(g) = g + 12. Let m be v(-6). Let n(f) = f**2 - 6*f + 2. Let d be n(m). Let a(o) = -o**3 + 32*o**2 + 2*o**3 + 2*o - 33*o**2. What is a(d)?
8
Let z be 6/((-5)/(-10)*-4). Let g be z/(-12) - (-155)/20. Let n(m) = 8*m - 6*m - m - 2. Calculate n(g).
6
Let v(h) = -4*h - 5*h - 1 - 16*h**2 - h - 15. Let d(a) = 3*a**2 + 2*a + 3. Let y(w) = 11*d(w) + 2*v(w). What is y(-3)?
4
Let f = -201 - -200. Let o(y) be the third derivative of 0 - y**2 + 0*y**3 + 11/120*y**6 + 0*y + 1/60*y**5 + 0*y**4. What is o(f)?
-10
Suppose c - 169 = s, -3*s + 24 = -2*c + 363. Let b = c - 169. Let l(n) = -11*n. Let k(v) = 56*v. Let a(z) = -3*k(z) - 16*l(z). What is a(b)?
-8
Suppose 617*h + 333 = 654*h. Let o(w) = w - 6. Calculate o(h).
3
Let q(v) be the first derivative of -v**4/4 + v**3 - 21*v**2/2 + 151*v + 8809. Give q(5).
-4
Let n(p) = 4*p - p**2 + 4*p + 6*p - p + 35 - 11*p. Calculate n(7).
0
Let u(v) = 3*v**2 + 124*v + 61. Let b(d) = -3*d**3 + 36*d**2 + 27*d - 365. Let y be b(12). Determine u(y).
20
Let g(b) be the first derivative of -b**4/12 + 11*b**3/6 - 3*b**2 + 19*b + 38. Let o(h) be the first derivative of g(h). Calculate o(10).
4
Suppose 25*p - 35*p = -20. Let v(u) = -3*u**p + 11*u**2 - 10*u + 6 - u**3 + 11. Determine v(7).
-4
Let u be 5/10*-6*(0 - 12). Let m = 39 - u. Let c(r) = -6 - m + 1 + 0 - r. What is c(-8)?
0
Let k(j) = j**2 + 6*j - 15. Let l be ((-67 - -60) + (-4)/(-1))*2. What is k(l)?
-15
Let z(g) be the second derivative of 3*g**2 + 2*g - 1/20*g**5 - 18 - 2/3*g**4 - 4/3*g**3. Determine z(-7).
13
Let a be 37/(592/(-352)) - 6/(-3). Let v(y) = y**2 + 20*y + 11. What is v(a)?
11
Let g(n) = 21 - 7 - 43 + 4*n. Let l be g(8). Let k(j) = -j**3 - 3*j - 1. Let d(x) = x**3 - x**2 + x. Let b(h) = 2*d(h) + k(h). Determine b(l).
5
Suppose -2*m + 10*z - 12*z = -30, 0 = -5*m + z + 63. Suppose -m*t = 34*t + 282. Let b(v) = -4*v - 24. Determine b(t).
0
Let a(i) = -2*i - 19. Suppose 9*n - 283 = -247. Suppose -n*u - 37*u = 533. Give a(u).
7
Let s(c) = c**2 - 7*c - 8. Suppose 21*z = 19*z + 19*z + 102. Calculate s(z).
70
Suppose -5*w = 0, -88 + 38 = -5*s - 3*w. Let l(u) = 2*u**2 - 18*u - 18. What is l(s)?
2
Let l(k) = -k**3 + 7*k**2 + 16*k + 20. Let p be l(9). Suppose 5*h + 220 = 5*f, 0 = -2*f + h + p + 84. Let x = -39 + f. Let n(r) = -r**2 - 2*r + 2. What is n(x)?
-13
Let z be 5/((-9 - -21)/(-12)). Let l(q) = q**3 + 3*q**2 - 26*q - 79. Determine l(z).
1
Suppose m = 5*m + 3*l - 17, 22 = 4*m - 2*l. Let j(g) = -7*g + 7. Let u(s) = s. Let b(z) = j(z) + 3*u(z). Determine b(m).
-13
Let m = 5116 - 5121. Let b(h) = 6*h**2 + 13*h + 3. Calculate b(m).
88
Let o(f) be the second derivative of f**5/20 + f**4/4 + f**3/2 + 5*f**2/2 + f. Suppose -3*p - 11 + 0 = -2. Determine o(p).
-4
Let l(m) = -m. Suppose -5*f - 26 = -r, -3*f + 78 = 2*r - 0*f. Let k be r/(-252) + 20/(-7). Determine l(k).
3
Let i(c) be the first derivative of -2*c**4 - c**3/3 + c**2 - c + 77. Let v(n) = n**2 - 2*n - 7. Let w be v(4). Calculate i(w).
-8
Let u(s) be the first derivative of s**4/4 + 2*s**3/3 - 11*s**2/2 - 11*s - 1588. Give u(-5).
-31
Let c(q) = 9*q - 578. Let u(l) = -l + 52. Let o(z) = c(z) + 10*u(z). Calculate o(-15).
-43
Let w be ((2 - -2) + -2 + 11)*(-286)/(-1859). Let o(u) be the first derivative of -3*u + 1/2*u**w - 2. Determine o(3).
0
Let n(p) = -15*p**3 + 57*p**3 - 32*p - 43*p**3 + 22 + 30*p**2 + 49. Calculate n(29).
-16
Let x(i) = 18*i + 66. Let g(p) = 7*p + 24. Let a(j) = 11*g(j) - 4*x(j). Calculate a(2).
10
Let r(q) be the second derivative of -q**4/12 - 2*q**3 + 15*q**2 + q - 565. Give r(-14).
2
Let q(m) = m - 8. Suppose -3*f = l - 44, -4*f - 7 = 14*l - 15. Determine q(f).
8
Let u = 17 - 10. Let m = -30 + 51. Let q(x) = 3 - 41*x + m*x + 19*x. Calculate q(u).
-4
Suppose 5*y + 4*d + 20 = 0, -y - 13 = -0*y - d. Let s(l) be the third derivative of l**6/120 + 2*l**5/15 - l**4/12 - 5*l**3/3 + 220*l**2. Give s(y).
6
Let g be 2/(-3) + (44/(-6)*1 - -1). Let p(f) = f**2 + 8*f + 16. Determine p(g).
9
Let a(t) = t**3 - 45*t**2 + 14*t + 20. Let p(r) = 2*r**3 - r**2 - 9. Let s(d) = a(d) + p(d). Give s(15).
-4
Let x(g) = g**3 + g**2 - 270*g + 20. Let m be x(-17). Let i(z) = 2*z + 12. Determine i(m).
-16
Suppose -12*c = -95 + 179. Let q(f) = -7*f**2 + 2*f + 14*f**3 - 9*f**3 + 8 - 6*f**3. Determine q(c).
-6
Let x(l) = l**2 - 10*l + 4. Let u(q) = -q**3 + 88*q**2 + 182*q - 169. Let a be u(90). What is x(a)?
15
Let l(u) be the third derivative of -1/12*u**5 + 0*u + 0 - 1/3*u**3 - 5/24*u**4 - 164*u**2 - 1/120*u**6. What is l(-3)?
-5
Let l(j) be the second derivative of j**4/12 + 8*j**3/3 + 7*j**2 + 2*j - 242. What is l(-5)?
-41
Let c be ((-2)/(-8)*-9)/((-597)/(-1592)). Let u(o) = -o**3 - 8*o**2 + 2*o + 16. Give u(c).
-68
Let d = -844 - -839. Let m(a) = -2*a**3 - 8*a**2 + 3*a - 9. Calculate m(d).
26
Suppose 15*f + 130 = 10. Let z be (-54)/(-15) + f/(-20). Let p(a) = 4*a - 4. Determine p(z).
12
Let f = 2 - 10. Let y(a) = 4*a**2 - 2*a + 11. Suppose u = r + 10, 4*r + 5*u + 5 = 2*u. Let l(m) = 5*m**2 - m + 11. Let k(b) = r*l(b) + 6*y(b). Give k(f).
3
Let p be ((-6)/(-39))/((-30)/(-3315)). Let k(m) = m**2 - 12*m - 13. Determine k(p).
72
Let x(k) be the third derivative of -19*k**6/120 + k**5/60 + k**4/3 - 4*k**3/3 - 91*k**2 + 6*k. What is x(1)?
-18
Let a(y) be the second derivative of y**5/20 + 5*y**4/6 + y**3 - 7*y**2/2 - 508*y. Give a(-5).
88
Let n(z) = -2*z**2 - 12*z + 30. Suppose -2*q - 59 - 37 = 8*m, -3*q = -5*m - 77. Give n(m).
-152
Let o(r) = 2*r + 20. Let x be o(-9). Let c(g) = -x*g**2 - g - 5 + 0*g**2 + 4. Let i = 865 - 867. Determine c(i).
-7
Let p = -9 - -14. Let c(u) = -u + 13. Let w be c(p). Let j(g) be the second derivative of g**3/6 + 2*g**2 + 15*g + 4. Calculate j(w).
12
